 is divided by 1367?
1
Calculate the remainder when 143920115 is divided by 9.
8
What is the remainder when 8936896 is divided by 1502?
1498
Calculate the remainder when 483483088 is divided by 92.
88
Calculate the remainder when 1615652 is divided by 805.
17
Calculate the remainder when 225381 is divided by 322.
303
What is the remainder when 4907229 is divided by 98?
75
Calculate the remainder when 111326 is divided by 15749.
1083
Calculate the remainder when 46146 is divided by 46030.
116
What is the remainder when 7574578 is divided by 42316?
14
Calculate the remainder when 156813142 is divided by 52271044.
10
Calculate the remainder when 39786 is divided by 1814.
1692
What is the remainder when 4697188 is divided by 276295?
173
What is the remainder when 50049685 is divided by 175?
35
What is the remainder when 7016827 is divided by 6049?
6036
Calculate the remainder when 697389 is divided by 57680.
5229
What is the remainder when 58608 is divided by 19516?
60
What is the remainder when 99189 is divided by 12380?
149
Calculate the remainder when 51509 is divided by 1002.
407
What is the remainder when 1100418 is divided by 523?
26
Calculate the remainder when 207623345 is divided by 8779.
8774
What is the remainder when 253953 is divided by 66?
51
Calculate the remainder when 507161 is divided by 4609.
171
Calculate the remainder when 261717 is divided by 1424.
1125
Calculate the remainder when 5700405 is divided by 52297.
32
Calculate the remainder when 5888404 is divided by 27011.
6
Calculate the remainder when 8016 is divided by 383.
356
What is the remainder when 1082276 is divided by 216450?
26
What is the remainder when 993087 is divided by 300?
87
What is the remainder when 8559 is divided by 3060?
2439
What is the remainder when 2239298 is divided by 36?
26
What is the remainder when 271224 is divided by 19373?
2
Calculate the remainder when 1822660 is divided by 478.
46
Calculate the remainder when 304826 is divided by 25398.
50
What is the remainder when 40674387 is divided by 2553?
2544
What is the remainder when 918865 is divided by 3?
1
What is the remainder when 2900425 is divided by 7456?
41
Calculate the remainder when 133055 is divided by 8524.
5195
Calculate the remainder when 66682959 is divided by 246.
231
What is the remainder when 1586660 is divided by 528870?
50
What is the remainder when 26162303 is divided by 533?
531
What is the remainder when 102515365 is divided by 3?
1
What is the remainder when 77294 is divided by 28?
14
Calculate the remainder when 119889935 is divided by 89.
82
Calculate the remainder when 112111 is divided by 55.
21
What is the remainder when 322117998 is divided by 988092?
6
What is the remainder when 1854269 is divided by 891?
98
Calculate the remainder when 749416 is divided by 757.
743
Calculate the remainder when 488088 is divided by 487626.
462
What is the remainder when 93324 is divided by 46647?
30
Calculate the remainder when 454130 is divided by 64867.
61
Calculate the remainder when 24567494 is divided by 187538.
16
Calculate the remainder when 6294 is divided by 1619.
1437
Calculate the remainder when 1218034 is divided by 216.
10
Calculate the remainder when 31077 is divided by 5160.
117
What is the remainder when 14808 is divided by 8085?
6723
What is the remainder when 2174325132 is divided by 10009?
10008
Calculate the remainder when 2444910 is divided by 4208.
62
Calculate the remainder when 109847 is divided by 109731.
116
Calculate the remainder when 27565537 is divided by 201.
196
What is the remainder when 127504 is divided by 10615?
124
Calculate the remainder when 62741856 is divided by 8236.
8
Calculate the remainder when 15878584 is divided by 85.
74
Calculate the remainder when 240293 is divided by 20021.
41
What is the remainder when 18129748 is divided by 4532435?
8
What is the remainder when 380401 is divided by 6556?
153
What is the remainder when 493010 is divided by 62?
48
What is the remainder when 132752248 is divided by 164?
152
Calculate the remainder when 28679 is divided by 265.
59
Calculate the remainder when 24165930 is divided by 356.
294
What is the remainder when 201336029 is divided by 68?
65
Calculate the remainder when 8972467 is divided by 1486.
1485
Calculate the remainder when 69632093 is divided by 2551.
2548
Calculate the remainder when 10458855 is divided by 70.
15
What is the remainder when 71661 is divided by 149?
141
What is the remainder when 14237 is divided by 144?
125
Calculate the remainder when 25865 is divided by 12912.
41
Calculate the remainder when 443184 is divided by 443165.
19
Calculate the remainder when 350419 is divided by 34.
15
What is the remainder when 25180180 is divided by 1259009?
0
What is the remainder when 25545 is divided by 3646?
23
Calculate the remainder when 3974373 is divided by 1324786.
15
Calculate the remainder when 386909 is divided by 759.
578
Calculate the remainder when 42193 is divided by 146.
145
Calculate the remainder when 138852 is divided by 255.
132
Calculate the remainder when 7080260 is divided by 38.
24
What is the remainder when 607629 is divided by 9583?
3900
Calculate the remainder when 905408 is divided by 75449.
20
What is the remainder when 37116 is divided by 5952?
1404
Calculate the remainder when 158475 is divided by 5891.
5309
What is the remainder when 195957 is divided by 5153?
143
Calculate the remainder when 4800875 is divided by 4800873.
2
What is the remainder when 2657153 is divided by 156?
5
Calculate the remainder when 383018 is divided by 2567.
535
What is the remainder when 11477680 is divided by 18?
16
Calculate the remainder when 4894619 is divided by 431.
183
Calculate the remainder when 593251930 is divided by 84.
82
What is the remainder when 336821 is divided by 201?
146
What is the remainder when 329233 is divided by 14964?
25
Calculate the remainder when 55858 is divided by 4226.
920
What is the remainder when 7238442 is divided by 1762?
146
What is the remainder when 45437838 is divided by 410?
408
What is the remainder when 28634223 is divided by 1741?
1737
What is the remainder when 9057589 is divided by 588?
37
Calculate the remainder when 3023316588 is divided by 1149.
1146
Calculate the remainder when 18575 is divided by 18066.
509
Calculate the remainder when 557393 is divided by 32752.
609
Calculate the remainder when 231279 is divided by 1099.
489
Calculate the remainder when 378994 is divided by 28940.
2774
What is the remainder when 632232587 is divided by 158058146?
3
What is the remainder when 4297408975 is divided by 196?
195
Calculate the remainder when 3170134 is divided by 1056313.
1195
What is the remainder when 433366 is divided by 144414?
124
Calculate the remainder when 4177493 is divided by 238.
117
Calculate the remainder when 664936 is divided by 14191.
12150
Calculate the remainder when 111179244 is divided by 2730.
2724
What is the remainder when 114240 is divided by 5506?
4120
Calculate the remainder when 2736106 is divided by 1368013.
80
Calculate the remainder when 1165844 is divided by 145723.
60
Calculate the remainder when 4279801 is divided by 6815.
6796
Calculate the remainder when 67344 is divided by 925.
744
What is the remainder when 248887 is divided by 82817?
436
Calculate the remainder when 41816635 is divided by 52.
3
What is the remainder when 27132 is divided by 1910?
392
What is the remainder when 135833633 is divided by 687?
680
What is the remainder when 2517345 is divided by 503466?
15
What is the remainder when 1322625 is divided by 661305?
15
What is the remainder when 109098 is divided by 6398?
332
What is the remainder when 1008809 is divided by 88?
65
What is the remainder when 7465 is divided by 268?
229
What is the remainder when 2000176 is divided by 785?
781
What is the remainder when 200945 is divided by 1022?
633
Calculate the remainder when 503430 is divided by 71.
40
Calculate the remainder when 772179 is divided by 193041.
15
Calculate the remainder when 104209 is divided by 38.
13
Calculate the remainder when 8990306 is divided by 98.
80
Calculate the remainder when 15757516 is divided by 27840.
76
Calculate the remainder when 301085 is divided by 157.
116
Calculate the remainder when 17992190